t is the greatest common factor of 1363 and 3713?
47
Calculate the highest common factor of 632399 and 219.
73
What is the highest common divisor of 533 and 10947?
41
Calculate the highest common factor of 36360 and 207.
9
What is the greatest common factor of 83 and 1136021?
83
Calculate the greatest common factor of 4104 and 135.
27
Calculate the greatest common factor of 43053 and 6780.
339
What is the greatest common factor of 52629 and 371?
53
What is the greatest common factor of 5831 and 1037?
17
Calculate the greatest common factor of 13 and 727.
1
Calculate the highest common factor of 1133 and 17407.
103
Calculate the highest common divisor of 245 and 16268.
49
What is the greatest common divisor of 53664 and 192?
96
Calculate the highest common factor of 104 and 84708.
52
What is the greatest common divisor of 52 and 3770780?
52
What is the greatest common divisor of 5454836 and 148?
148
Calculate the highest common factor of 91 and 35555.
13
Calculate the greatest common factor of 78 and 96590.
26
What is the highest common factor of 8796 and 9228?
12
Calculate the highest common factor of 11168 and 1200.
16
What is the highest common factor of 450 and 1258050?
150
Calculate the greatest common divisor of 43296 and 27511.
451
What is the greatest common factor of 6872 and 400?
8
Calculate the highest common divisor of 493 and 27173.
29
Calculate the greatest common factor of 4665942 and 36.
18
Calculate the highest common factor of 12 and 19972.
4
Calculate the greatest common divisor of 447849 and 27.
27
What is the highest common factor of 655 and 14210?
5
Calculate the greatest common divisor of 125 and 231125.
125
What is the highest common factor of 12 and 113508?
12
Calculate the greatest common divisor of 8 and 78984.
8
Calculate the highest common divisor of 460 and 381685.
115
What is the highest common divisor of 18828 and 1068?
12
Calculate the greatest common divisor of 58 and 400142.
58
Calculate the greatest common factor of 3915 and 36975.
435
Calculate the highest common factor of 5475 and 3125.
25
What is the highest common divisor of 4265 and 365?
5
What is the greatest common factor of 22825 and 775?
25
What is the greatest common divisor of 9 and 135411?
3
What is the highest common divisor of 102 and 579734?
34
What is the greatest common factor of 6531 and 1701?
21
Calculate the highest common divisor of 553 and 7909559.
553
Calculate the greatest common factor of 30272 and 156563.
473
Calculate the greatest common factor of 1280 and 7496.
8
What is the highest common divisor of 260459 and 362?
181
What is the greatest common divisor of 7332 and 464172?
564
Calculate the highest common divisor of 17741 and 2147.
113
What is the greatest common factor of 4386 and 387?
129
Calculate the highest common factor of 101 and 145.
1
Calculate the highest common divisor of 232944 and 2321.
211
What is the greatest common factor of 600 and 191325?
75
What is the highest common factor of 3905874 and 756?
378
What is the greatest common divisor of 2789762 and 92?
46
Calculate the highest common divisor of 167720 and 2520.
280
What is the highest common divisor of 70 and 2283414?
14
Calculate the greatest common divisor of 264 and 519486.
66
What is the greatest common divisor of 7446 and 714?
102
What is the greatest common factor of 894 and 66?
6
What is the greatest common divisor of 286 and 872014?
286
What is the greatest common divisor of 7940519 and 101?
101
What is the highest common divisor of 1925 and 190300?
275
Calculate the highest common factor of 956466 and 126.
126
Calculate the highest common factor of 127365 and 105.
105
What is the greatest common factor of 816 and 6171?
51
Calculate the greatest common factor of 2014315 and 10.
5
Calculate the highest common factor of 15796 and 55.
11
What is the greatest common divisor of 2995 and 145?
5
What is the greatest common factor of 13975 and 155?
5
What is the greatest common divisor of 1152 and 84224?
128
What is the highest common divisor of 12337 and 5525?
13
Calculate the highest common divisor of 1236 and 78636.
12
What is the highest common divisor of 32 and 157216?
32
What is the highest common factor of 6622 and 154?
154
What is the greatest common divisor of 39 and 463398?
39
What is the highest common divisor of 38073 and 444?
111
What is the highest common divisor of 2818137 and 294?
147
What is the greatest common factor of 1353 and 10725231?
1353
Calculate the highest common divisor of 175630 and 59150.
910
What is the greatest common divisor of 1634 and 11818?
38
Calculate the greatest common divisor of 160 and 23232.
32
Calculate the greatest common divisor of 3216 and 85894.
134
What is the greatest common divisor of 198 and 2264625?
99
Calculate the highest common divisor of 11511 and 180.
9
What is the greatest common divisor of 5528790 and 270?
270
Calculate the greatest common divisor of 860 and 31390.
430
Calculate the greatest common factor of 2410 and 35186.
482
Calculate the greatest common factor of 6235 and 232.
29
Calculate the highest common factor of 854 and 59353.
427
What is the greatest common factor of 39046 and 238?
14
What is the highest common factor of 61241 and 4841?
47
What is the greatest common factor of 68220 and 6?
6
What is the highest common divisor of 17198 and 2?
2
Calculate the greatest common divisor of 3897 and 66.
3
Calculate the highest common factor of 727396 and 1444.
76
What is the highest common divisor of 113730 and 77604?
1338
What is the highest common factor of 54 and 926?
2
What is the greatest common divisor of 20 and 375110?
10
Calculate the highest common divisor of 11094 and 78.
6
Calculate the highest common factor of 45494 and 2300.
46
Calculate the highest common divisor of 165165 and 2665.
65
Calculate the highest common divisor of 9430 and 45920.
410
What is the greatest common divisor of 19924 and 391?
17
What is the highest common divisor of 79 and 48506?
79
What is the highest common divisor of 9701 and 13625?
109
Calculate the greatest common factor of 8 and 64896.
8
What is the greatest common divisor of 112 and 53228?
28
What is the highest common divisor of 1674 and 324?
54
Calculate the highest common factor of 278648 and 976.
488
What is the highest common divisor of 3 and 37560?
3
What is the greatest common divisor of 2366 and 18382?
182
Calculate the highest common divisor of 507985 and 2830.
1415
What is the highest common divisor of 24 and 2454?
6
What is the greatest common factor of 24241 and 21?
7
What is the highest common divisor of 7344 and 2992?
272
What is the highest common divisor of 24 and 158496?
24
Calculate the highest common factor of 37503 and 1852.
463
Calculate the greatest common factor of 51750 and 180.
90
What is the highest common divisor of 24922 and 153?
17
What is the highest common divisor of 28 and 806708?
28
What is the highest common divisor of 20 and 5368780?
20
Calculate the highest common divisor of 307 and 285203.
307
Calculate the highest common divisor of 4544 and 832.
64
What is the highest common divisor of 12828 and 24?
12
Calculate the greatest common factor of 488 and 74056.
8
Calculate the highest common divisor of 135 and 60831.
27
Calculate the greatest common factor of 37066 and 3879.
431
What is the greatest common divisor of 1081483 and 2392?
299
What is the greatest common factor of 278481 and 14?
7
What is the greatest common divisor of 11603 and 1107?
41
Calculate the highest common factor of 156 and 161148.
156
Calculate the greatest common factor of 9 and 2121318.
9
What is the highest common divisor of 57798 and 342?
342
What is the highest common factor of 36 and 111582?
18
Calculate the highest common factor of 66 and 15554.
22
Calculate the greatest common factor of 4 and 8003.
1
What is the greatest common factor of 32691 and 408?
51
Calculate the highest common divisor of 1178494 and 38.
38
What is the greatest common divisor of 1122 and 1739100?
1122
What is the greatest common divisor of 631362 and 1?
1
Calculate the highest common factor of 736422 and 20850.
834
Calculate the highest common factor of 572 and 451620.
52
Calculate the greatest common factor of 192 and 693824.
64
What is the highest common factor of 